ed by 5602.
5533
What is the remainder when 3397297 is divided by 97064?
57
What is the remainder when 768228 is divided by 824?
260
What is the remainder when 8392 is divided by 5964?
2428
Calculate the remainder when 442691217 is divided by 199.
195
Calculate the remainder when 70831 is divided by 70820.
11
What is the remainder when 12896445 is divided by 282?
21
Calculate the remainder when 569784 is divided by 511.
19
What is the remainder when 72025 is divided by 14340?
325
Calculate the remainder when 18557139 is divided by 742284.
39
What is the remainder when 24004835 is divided by 108?
107
What is the remainder when 235225 is divided by 766?
63
Calculate the remainder when 9765064 is divided by 3989.
3981
Calculate the remainder when 164558 is divided by 4025.
3558
Calculate the remainder when 14690254 is divided by 2448372.
22
Calculate the remainder when 502055 is divided by 50199.
65
Calculate the remainder when 893491 is divided by 97.
24
What is the remainder when 1251064 is divided by 1222?
958
What is the remainder when 586847 is divided by 65204?
11
What is the remainder when 581418 is divided by 341?
13
What is the remainder when 27493203 is divided by 82?
79
Calculate the remainder when 65634984 is divided by 1250.
1234
Calculate the remainder when 257962 is divided by 51536.
282
What is the remainder when 1193840 is divided by 26?
24
What is the remainder when 164055 is divided by 163934?
121
Calculate the remainder when 3859437 is divided by 78.
75
What is the remainder when 102323 is divided by 2874?
1733
What is the remainder when 59836202 is divided by 448?
426
What is the remainder when 501 is divided by 87?
66
Calculate the remainder when 306525 is divided by 245.
30
Calculate the remainder when 11159546 is divided by 50.
46
Calculate the remainder when 255144998 is divided by 223.
217
What is the remainder when 55379 is divided by 99?
38
Calculate the remainder when 101083 is divided by 2246.
13
Calculate the remainder when 145063 is divided by 72531.
1
Calculate the remainder when 6073 is divided by 1150.
323
What is the remainder when 12046639 is divided by 150?
139
What is the remainder when 632799 is divided by 1947?
24
Calculate the remainder when 638457 is divided by 12765.
207
What is the remainder when 10016665 is divided by 1340?
165
What is the remainder when 619358 is divided by 74?
52
Calculate the remainder when 5214362 is divided by 29627.
10
Calculate the remainder when 32462 is divided by 2277.
584
Calculate the remainder when 952685648 is divided by 191.
186
Calculate the remainder when 7230 is divided by 1158.
282
What is the remainder when 17170535 is divided by 192927?
32
What is the remainder when 7677604 is divided by 3543?
3466
Calculate the remainder when 3595403 is divided by 234.
227
Calculate the remainder when 695702 is divided by 346945.
1812
What is the remainder when 136996 is divided by 846?
790
Calculate the remainder when 31459 is divided by 13956.
3547
Calculate the remainder when 243019 is divided by 535.
129
What is the remainder when 176122 is divided by 4000?
122
What is the remainder when 196199 is divided by 2581?
43
Calculate the remainder when 34702804 is divided by 4957542.
10
Calculate the remainder when 14776365 is divided by 5887.
5882
Calculate the remainder when 224116 is divided by 44786.
186
Calculate the remainder when 52623569 is divided by 7009.
7006
What is the remainder when 422857 is divided by 46?
25
What is the remainder when 529024 is divided by 2098?
328
Calculate the remainder when 125431 is divided by 125396.
35
Calculate the remainder when 81903 is divided by 1063.
52
Calculate the remainder when 554403 is divided by 69295.
43
Calculate the remainder when 43613821 is divided by 21806906.
9
Calculate the remainder when 161682436 is divided by 4534.
4530
Calculate the remainder when 176338 is divided by 23.
20
Calculate the remainder when 4590507 is divided by 945.
642
What is the remainder when 57775609 is divided by 749?
745
What is the remainder when 774930 is divided by 129155?
0
What is the remainder when 25994 is divided by 961?
47
What is the remainder when 450700 is divided by 1663?
27
Calculate the remainder when 4026532 is divided by 2976.
4
What is the remainder when 13773246 is divided by 2834?
6
What is the remainder when 167432780 is divided by 41858195?
0
Calculate the remainder when 114855967 is divided by 5797.
6
Calculate the remainder when 52708433 is divided by 12784.
1
Calculate the remainder when 5399885 is divided by 224995.
5
What is the remainder when 2144145 is divided by 714712?
9
What is the remainder when 5685352 is divided by 97?
85
Calculate the remainder when 1149486 is divided by 20.
6
What is the remainder when 33346734 is divided by 33346713?
21
Calculate the remainder when 2116791 is divided by 270.
261
What is the remainder when 1241832 is divided by 80?
72
Calculate the remainder when 444927 is divided by 424.
151
What is the remainder when 2456274 is divided by 4425?
399
What is the remainder when 384377 is divided by 96?
89
Calculate the remainder when 66307 is divided by 11328.
9667
Calculate the remainder when 538640 is divided by 179486.
182
What is the remainder when 608403395 is divided by 186?
185
What is the remainder when 2237323 is divided by 57367?
10
What is the remainder when 144957726 is divided by 18119715?
6
Calculate the remainder when 278233 is divided by 92719.
76
What is the remainder when 65471 is divided by 61236?
4235
What is the remainder when 409184 is divided by 566?
532
Calculate the remainder when 32408770 is divided by 16204374.
22
Calculate the remainder when 99203 is divided by 906.
449
Calculate the remainder when 16362 is divided by 863.
828
What is the remainder when 132379 is divided by 44066?
181
What is the remainder when 3977151 is divided by 994281?
27
Calculate the remainder when 178220377 is divided by 4085.
4082
What is the remainder when 2742221 is divided by 157?
59
Calculate the remainder when 476269760 is divided by 8209.
8207
What is the remainder when 229776 is divided by 32811?
99
Calculate the remainder when 3351685 is divided by 837917.
17
What is the remainder when 2615 is divided by 716?
467
What is the remainder when 400494 is divided by 854?
822
Calculate the remainder when 1089395 is divided by 419.
414
Calculate the remainder when 2604056 is divided by 777.
329
What is the remainder when 899929 is divided by 128452?
765
What is the remainder when 12637 is divided by 8576?
4061
What is the remainder when 504402 is divided by 1261?
2
Calculate the remainder when 6100824 is divided by 68.
0
What is the remainder when 58817 is divided by 760?
297
Calculate the remainder when 2921967839 is divided by 20.
19
What is the remainder when 149425568 is divided by 6395?
6393
Calculate the remainder when 1042720450 is divided by 1062.
1060
What is the remainder when 386087038 is divided by 80?
78
What is the remainder when 31205613 is divided by 43?
40
Calculate the remainder when 3190333 is divided by 57.
43
Calculate the remainder when 28146 is divided by 2303.
510
Calculate the remainder when 12573899 is divided by 147928.
19
What is the remainder when 413967 is divided by 29569?
1
What is the remainder when 6162791 is divided by 1027124?
47
Calculate the remainder when 5203528 is divided by 1300879.
12
Calculate the remainder when 700343 is divided by 58354.
95
What is the remainder when 41849 is divided by 3027?
2498
What is the remainder when 35744722 is divided by 1549?
1547
Calculate the remainder when 37723969 is divided by 3078.
1
Calculate the remainder when 285708 is divided by 186.
12
What is the remainder when 87756 is divided by 1702?
954
Calculate the remainder when 69641 is divided by 68510.
1131
Calculate the remainder when 393515 is divided by 43711.
116
Calculate the remainder when 50777 is divided by 3066.
1721
What is the remainder when 30980041 is divided by 22696?
1
What is the remainder when 123336367 is divided by 908?
3
What is the remainder when 4090127 is divided by 19?
16
What is the remainder when 116728 is divided by 4321?
61
Calculate the remainder when 21908 is divided by 9446.
3016
Calculate the remainder when 2080234 is divided by 69